{"id":30,"date":"2017-03-24T03:37:48","date_gmt":"2017-03-24T03:37:48","guid":{"rendered":"http:\/\/demo.themeton.com\/medical\/?page_id=30"},"modified":"2023-07-14T03:35:08","modified_gmt":"2023-07-14T03:35:08","slug":"home","status":"publish","type":"page","link":"http:\/\/cofarmed.com\/","title":{"rendered":"Inicio"},"content":{"rendered":"<p>[vc_row][vc_column vc_column_flex_auto=&#8221;uk-width-expand@m&#8221; css=&#8221;.vc_custom_1679197978250{background-position: center !important;background-repeat: no-repeat !important;background-size: contain !important;border-radius: 35px !important;}&#8221;][vc_column_text][\/vc_column_text][vc_custom_heading text=&#8221;<strong>Nuestras Marcas<\/strong>&#8221; font_container=&#8221;tag:h1|font_size:30|text_align:center|color:%23ee7633|line_height:1&#8243; use_theme_fonts=&#8221;yes&#8221; css_animation=&#8221;bounceInRight&#8221; el_class=&#8221;mvb0&#8243; css=&#8221;.vc_custom_1679622339788{background-position: center !important;background-repeat: no-repeat !important;background-size: cover !important;}&#8221;][vc_column_text][\/vc_column_text][mungu_swiper slide_per_view=&#8221;5&#8243; arrows=&#8221;&#8221; bullets=&#8221;1&#8243; list=&#8221;%5B%7B%22image%22%3A%221803%22%2C%22link%22%3A%22%23%22%7D%2C%7B%22image%22%3A%221804%22%2C%22link%22%3A%22%23%22%7D%2C%7B%22image%22%3A%221805%22%2C%22link%22%3A%22%23%22%7D%2C%7B%22image%22%3A%221806%22%2C%22link%22%3A%22%23%22%7D%2C%7B%22image%22%3A%221807%22%2C%22link%22%3A%22%23%22%7D%2C%7B%22image%22%3A%221808%22%2C%22link%22%3A%22%23%22%7D%2C%7B%22image%22%3A%221809%22%2C%22link%22%3A%22%23%22%7D%2C%7B%22image%22%3A%221810%22%2C%22link%22%3A%22%23%22%7D%5D&#8221;][\/vc_column][\/vc_row][vc_row full_width=&#8221;stretch_row&#8221; css=&#8221;.vc_custom_1679535529186{padding-top: 0px !important;padding-bottom: 90px !important;}&#8221;][vc_column css_animation=&#8221;bounceInLeft&#8221; vc_column_flex_auto=&#8221;uk-width-auto@m&#8221;][vc_custom_heading text=&#8221;<strong>Nuestros modelos<\/strong>&#8221; font_container=&#8221;tag:h2|font_size:30|text_align:center|color:%23ee7633|line_height:1&#8243; use_theme_fonts=&#8221;yes&#8221; css_animation=&#8221;bounceInLeft&#8221; link=&#8221;url:http%3A%2F%2Fnext.themeton.com%2Fmedio%2Fservice-item%2Fgynecology%2F|||&#8221; el_class=&#8221;mvb0&#8243; css=&#8221;.vc_custom_1679622372389{margin-top: 30px !important;padding-bottom: 20px !important;}&#8221;][mungu_team space_size=&#8221;small&#8221; bgcolor=&#8221;#e1f6fb&#8221; column=&#8221;5&#8243; list=&#8221;%5B%7B%22image%22%3A%221676%22%7D%2C%7B%22image%22%3A%221674%22%7D%2C%7B%22image%22%3A%221673%22%7D%2C%7B%22image%22%3A%221667%22%7D%2C%7B%7D%5D&#8221; extra_class=&#8221;medio_team&#8221; css=&#8221;.vc_custom_1679535557834{background-color: #e1f6fb !important;border-radius: 35px !important;}&#8221;][vc_btn title=&#8221;Todos los modelos&#8221; style=&#8221;custom&#8221; custom_background=&#8221;#0aadc3&#8243; custom_text=&#8221;#ffffff&#8221; shape=&#8221;round&#8221; size=&#8221;lg&#8221; align=&#8221;center&#8221; css=&#8221;.vc_custom_1684019124818{margin-top: 40px !important;}&#8221; link=&#8221;url:http%3A%2F%2Fcofarmed.com%2F|title:Modelos&#8221;][\/vc_column][\/vc_row][vc_row equal_height=&#8221;yes&#8221; content_placement=&#8221;middle&#8221;][vc_column width=&#8221;1\/2&#8243;]\n\t\t\t<!-- START testimonial REVOLUTION SLIDER 6.5.9 --><p class=\"rs-p-wp-fix\"><\/p>\n\t\t\t<rs-module-wrap id=\"rev_slider_2_1_wrapper\" data-source=\"gallery\" style=\"visibility:hidden;background:rgba(255,255,255,0);padding:0;margin:0px auto;margin-top:0;margin-bottom:0;max-width:;\">\n\t\t\t\t<rs-module id=\"rev_slider_2_1\" style=\"\" data-version=\"6.5.9\">\n\t\t\t\t\t<rs-slides>\n\t\t\t\t\t\t<rs-slide style=\"position: absolute;\" data-key=\"rs-4\" data-title=\"Slide\" data-in=\"o:0;\" data-out=\"a:false;\">\n\t\t\t\t\t\t\t<img src=\"\/\/cofarmed.com\/wp-content\/plugins\/revslider\/public\/assets\/assets\/dummy.png\" alt=\"Slide\" title=\"Inicio\" class=\"rev-slidebg tp-rs-img rs-lazyload\" data-lazyload=\"\/\/cofarmed.com\/wp-content\/plugins\/revslider\/public\/assets\/assets\/transparent.png\" data-bg=\"c:rgba(99,89,158,0);\" data-no-retina>\n<!--\n\t\t\t\t\t\t\t--><rs-layer\n\t\t\t\t\t\t\t\tid=\"slider-2-slide-4-layer-13\" \n\t\t\t\t\t\t\t\tdata-type=\"image\"\n\t\t\t\t\t\t\t\tdata-rsp_ch=\"on\"\n\t\t\t\t\t\t\t\tdata-xy=\"x:c;xo:-24px;y:m;yo:43px;\"\n\t\t\t\t\t\t\t\tdata-text=\"l:22;a:inherit;\"\n\t\t\t\t\t\t\t\tdata-dim=\"w:['480px','480px','480px','480px'];h:['448px','448px','448px','448px'];\"\n\t\t\t\t\t\t\t\tdata-frame_1=\"sR:10;\"\n\t\t\t\t\t\t\t\tdata-frame_999=\"o:0;st:w;sR:8690;\"\n\t\t\t\t\t\t\t\tdata-loop_0=\"xR:5px;yR:5px;oX:50;oY:50;\"\n\t\t\t\t\t\t\t\tdata-loop_999=\"xR:5px;yR:5px;crd:t;sp:3000;yys:t;yyf:t;\"\n\t\t\t\t\t\t\t\tstyle=\"z-index:5;\"\n\t\t\t\t\t\t\t><img src=\"\/\/cofarmed.com\/wp-content\/plugins\/revslider\/public\/assets\/assets\/dummy.png\" class=\"tp-rs-img rs-lazyload\" width=\"480\" height=\"448\" data-lazyload=\"\/\/cofarmed.com\/wp-content\/uploads\/revslider\/Path-18.png\" data-no-retina> \n\t\t\t\t\t\t\t<\/rs-layer><!--\n\n\t\t\t\t\t\t\t--><rs-layer\n\t\t\t\t\t\t\t\tid=\"slider-2-slide-4-layer-14\" \n\t\t\t\t\t\t\t\tdata-type=\"image\"\n\t\t\t\t\t\t\t\tdata-rsp_ch=\"on\"\n\t\t\t\t\t\t\t\tdata-xy=\"x:c;xo:-10px;y:m;yo:42px;\"\n\t\t\t\t\t\t\t\tdata-text=\"l:22;a:inherit;\"\n\t\t\t\t\t\t\t\tdata-dim=\"w:['415px','415px','415px','415px'];h:['345px','345px','345px','345px'];\"\n\t\t\t\t\t\t\t\tdata-frame_1=\"sR:10;\"\n\t\t\t\t\t\t\t\tdata-frame_999=\"o:0;st:w;sR:8690;\"\n\t\t\t\t\t\t\t\tdata-loop_0=\"xR:4px;yR:4px;oX:50;oY:50;\"\n\t\t\t\t\t\t\t\tdata-loop_999=\"xR:4px;yR:4px;crd:t;sp:4000;yys:t;yyf:t;\"\n\t\t\t\t\t\t\t\tstyle=\"z-index:6;\"\n\t\t\t\t\t\t\t><img src=\"\/\/cofarmed.com\/wp-content\/plugins\/revslider\/public\/assets\/assets\/dummy.png\" class=\"tp-rs-img rs-lazyload\" width=\"415\" height=\"345\" data-lazyload=\"\/\/cofarmed.com\/wp-content\/uploads\/revslider\/Path-16.png\" data-no-retina> \n\t\t\t\t\t\t\t<\/rs-layer><!--\n\n\t\t\t\t\t\t\t--><rs-layer\n\t\t\t\t\t\t\t\tid=\"slider-2-slide-4-layer-15\" \n\t\t\t\t\t\t\t\tdata-type=\"image\"\n\t\t\t\t\t\t\t\tdata-rsp_ch=\"on\"\n\t\t\t\t\t\t\t\tdata-xy=\"x:c;xo:19px;y:m;yo:7px;\"\n\t\t\t\t\t\t\t\tdata-text=\"l:22;a:inherit;\"\n\t\t\t\t\t\t\t\tdata-dim=\"w:['245px','245px','245px','245px'];h:['334px','334px','334px','334px'];\"\n\t\t\t\t\t\t\t\tdata-frame_1=\"sR:10;\"\n\t\t\t\t\t\t\t\tdata-frame_999=\"o:0;st:w;sR:8690;\"\n\t\t\t\t\t\t\t\tdata-loop_0=\"xR:3px;yR:3px;oX:50;oY:50;\"\n\t\t\t\t\t\t\t\tdata-loop_999=\"xR:3px;yR:3px;crd:t;sp:5000;yys:t;yyf:t;\"\n\t\t\t\t\t\t\t\tstyle=\"z-index:7;\"\n\t\t\t\t\t\t\t><img src=\"\/\/cofarmed.com\/wp-content\/plugins\/revslider\/public\/assets\/assets\/dummy.png\" class=\"tp-rs-img rs-lazyload\" width=\"1500\" height=\"2046\" data-lazyload=\"\/\/cofarmed.com\/wp-content\/uploads\/2017\/06\/medico-masculino-atractivo-confiado-que-usa-bata-blanca-laboratorio-mientras-pie-brazos-cruzados-contra-fondo-turquesa-Low.png\" data-no-retina> \n\t\t\t\t\t\t\t<\/rs-layer><!--\n-->\t\t\t\t\t\t<\/rs-slide>\n\t\t\t\t\t<\/rs-slides>\n\t\t\t\t<\/rs-module>\n\t\t\t\t<script type=\"text\/javascript\">\n\t\t\t\t\tsetREVStartSize({c: 'rev_slider_2_1',rl:[1240,1024,778,480],el:[500,768,960,540],gw:[400,1024,778,480],gh:[500,768,960,540],type:'standard',justify:'',layout:'fullwidth',mh:\"0\"});if (window.RS_MODULES!==undefined && window.RS_MODULES.modules!==undefined && window.RS_MODULES.modules[\"revslider21\"]!==undefined) {window.RS_MODULES.modules[\"revslider21\"].once = false;window.revapi2 = undefined;if (window.RS_MODULES.checkMinimal!==undefined) window.RS_MODULES.checkMinimal()}\n\t\t\t\t<\/script>\n\t\t\t<\/rs-module-wrap>\n\t\t\t<!-- END REVOLUTION SLIDER -->\n[\/vc_column][vc_column width=&#8221;1\/2&#8243; el_class=&#8221;pt6 pt0@s&#8221;][vc_btn title=&#8221;Testimonio destacado&#8221; style=&#8221;custom&#8221; custom_background=&#8221;#0aadc3&#8243; custom_text=&#8221;#ffffff&#8221; shape=&#8221;round&#8221; size=&#8221;xs&#8221;][vc_column_text el_class=&#8221;pr5 pr0@s&#8221;]<\/p>\n<h5 style=\"font-size: 30px; color: #171620;\">Dr. Alexander \u00a0P\u00e9rez<\/h5>\n<p>&#8220;Realmente qued\u00e9 impresionado con mi experiencia de compra en <strong>Cofarmed<\/strong>. Desde el momento en que contacte con ellos, fui recibido por un equipo amable y profesional que me gui\u00f3 en todo momento para encontrar la bata m\u00e9dica perfecta para m\u00ed. Me sorprendi\u00f3 la amplia variedad de opciones y la calidad de los productos disponibles.<\/p>\n<p>Adem\u00e1s, el personal de la tienda estaba muy bien informado y pudo responder todas mis preguntas con facilidad. Tambi\u00e9n me agrad\u00f3 el hecho de que pudieron personalizar mi bata m\u00e9dica con mi nombre y logo en un tiempo r\u00e9cord.<\/p>\n<p>La calidad de la bata m\u00e9dica que compr\u00e9 es excepcional y ha resistido varios lavados sin mostrar signos de desgaste. Estoy muy contento con mi compra y definitivamente recomendar\u00eda esta tienda a cualquier persona que busque batas m\u00e9dicas de alta calidad y un servicio excepcional al cliente.<\/p>\n<p>\u00a1Gracias por hacer de mi experiencia de compra una experiencia excepcional!&#8221;[\/vc_column_text][\/vc_column][\/vc_row][vc_row full_width=&#8221;stretch_row_content&#8221; full_height=&#8221;yes&#8221; equal_height=&#8221;yes&#8221; content_placement=&#8221;middle&#8221; css_animation=&#8221;bounceIn&#8221; vc_row_container=&#8221;uk-container uk-container-expand&#8221; css=&#8221;.vc_custom_1684019038749{padding-top: 100px !important;padding-bottom: 100px !important;background-image: url(http:\/\/cofarmed.com\/wp-content\/uploads\/2017\/06\/Recurso-1.png?id=1590) !important;background-position: center !important;background-repeat: no-repeat !important;background-size: cover !important;}&#8221;][vc_column width=&#8221;3\/4&#8243; vc_column_flex_auto=&#8221;uk-width-expand@m&#8221; vc_column_text_alignment=&#8221;uk-text-center&#8221; vc_column_alignment=&#8221;uk-flex uk-flex-center&#8221; css=&#8221;.vc_custom_1679161782342{background-position: center !important;background-repeat: no-repeat !important;background-size: cover !important;border-radius: 35px !important;}&#8221;][header_container responsive=&#8221;yes&#8221; item_flex=&#8221;uk-child-width-expand&#8221; halign=&#8221;uk-flex-top&#8221; align=&#8221;uk-flex-center&#8221; css=&#8221;.vc_custom_1679161788661{background-position: center !important;background-repeat: no-repeat !important;background-size: cover !important;}&#8221;][vc_row_inner content_placement=&#8221;top&#8221; css=&#8221;.vc_custom_1613992037153{margin-right: 75px !important;}&#8221;][vc_column_inner width=&#8221;1\/2&#8243; css=&#8221;.vc_custom_1613991960041{padding-right: 0px !important;}&#8221;][vc_single_image image=&#8221;536&#8243; img_size=&#8221;64&#215;64&#8243; css=&#8221;.vc_custom_1634643327291{margin-right: 10px !important;}&#8221;][\/vc_column_inner][vc_column_inner width=&#8221;1\/2&#8243; css=&#8221;.vc_custom_1613992816537{padding-left: 5px !important;}&#8221;][tta_counter number=&#8221;67&#8243; fontfamily=&#8221;font_family:Roboto%3A100%2C100italic%2C300%2C300italic%2Cregular%2Citalic%2C500%2C500italic%2C700%2C700italic%2C900%2C900italic|font_style:700%20bold%20regular%3A700%3Anormal&#8221; color=&#8221;#ffffff&#8221; font_size=&#8221;32px&#8221; line_height=&#8221;1em&#8221; css=&#8221;.vc_custom_1613992544944{margin-bottom: 0px !important;}&#8221;][vc_custom_heading text=&#8221;Ultimas Asesorias&#8221; font_container=&#8221;tag:p|font_size:20px|text_align:left|color:%23ffffff|line_height:1em&#8221; google_fonts=&#8221;font_family:Roboto%3A100%2C100italic%2C300%2C300italic%2Cregular%2Citalic%2C500%2C500italic%2C700%2C700italic%2C900%2C900italic|font_style:300%20light%20regular%3A300%3Anormal&#8221; css=&#8221;.vc_custom_1682807798530{margin-top: 0px !important;}&#8221;][\/vc_column_inner][\/vc_row_inner][vc_row_inner content_placement=&#8221;top&#8221; css=&#8221;.vc_custom_1613992042970{margin-right: 75px !important;}&#8221;][vc_column_inner width=&#8221;1\/2&#8243; css=&#8221;.vc_custom_1613991978711{padding-right: 0px !important;}&#8221;][vc_single_image image=&#8221;535&#8243; img_size=&#8221;64&#215;64&#8243; css=&#8221;.vc_custom_1634643347761{margin-right: 10px !important;}&#8221;][\/vc_column_inner][vc_column_inner width=&#8221;1\/2&#8243; css=&#8221;.vc_custom_1613992808734{padding-left: 5px !important;}&#8221;][tta_counter number=&#8221;09&#8243; fontfamily=&#8221;font_family:Roboto%3A100%2C100italic%2C300%2C300italic%2Cregular%2Citalic%2C500%2C500italic%2C700%2C700italic%2C900%2C900italic|font_style:700%20bold%20regular%3A700%3Anormal&#8221; color=&#8221;#ffffff&#8221; font_size=&#8221;32px&#8221; line_height=&#8221;1em&#8221; css=&#8221;.vc_custom_1613992564090{margin-bottom: 0px !important;}&#8221;][vc_custom_heading text=&#8221;Marcas&#8221; font_container=&#8221;tag:p|font_size:20px|text_align:left|color:%23ffffff|line_height:1em&#8221; google_fonts=&#8221;font_family:Roboto%3A100%2C100italic%2C300%2C300italic%2Cregular%2Citalic%2C500%2C500italic%2C700%2C700italic%2C900%2C900italic|font_style:300%20light%20regular%3A300%3Anormal&#8221; css=&#8221;.vc_custom_1682734391530{margin-top: 0px !important;}&#8221;][\/vc_column_inner][\/vc_row_inner][vc_row_inner content_placement=&#8221;top&#8221; css=&#8221;.vc_custom_1613992767044{margin-right: 75px !important;}&#8221;][vc_column_inner width=&#8221;1\/2&#8243; css=&#8221;.vc_custom_1613992789902{padding-right: 0px !important;}&#8221;][vc_single_image image=&#8221;537&#8243; img_size=&#8221;64&#215;64&#8243; alignment=&#8221;right&#8221; css=&#8221;.vc_custom_1634643385642{margin-right: 10px !important;}&#8221;][\/vc_column_inner][vc_column_inner width=&#8221;1\/2&#8243; css=&#8221;.vc_custom_1613992797425{padding-left: 5px !important;}&#8221;][tta_counter number=&#8221;2,500+&#8221; fontfamily=&#8221;font_family:Roboto%3A100%2C100italic%2C300%2C300italic%2Cregular%2Citalic%2C500%2C500italic%2C700%2C700italic%2C900%2C900italic|font_style:700%20bold%20regular%3A700%3Anormal&#8221; color=&#8221;#ffffff&#8221; font_size=&#8221;32px&#8221; line_height=&#8221;1em&#8221; css=&#8221;.vc_custom_1682807786495{margin-bottom: 0px !important;}&#8221;][vc_custom_heading text=&#8221;Clientes&#8221; font_container=&#8221;tag:p|font_size:20px|text_align:left|color:%23ffffff|line_height:1em&#8221; google_fonts=&#8221;font_family:Roboto%3A100%2C100italic%2C300%2C300italic%2Cregular%2Citalic%2C500%2C500italic%2C700%2C700italic%2C900%2C900italic|font_style:300%20light%20regular%3A300%3Anormal&#8221; css=&#8221;.vc_custom_1679622903851{margin-top: 0px !important;}&#8221;][\/vc_column_inner][\/vc_row_inner][\/header_container][\/vc_column][\/vc_row]<\/p>\n","protected":false},"excerpt":{"rendered":"<p>[vc_row][vc_column vc_column_flex_auto=&#8221;uk-width-expand@m&#8221; css=&#8221;.vc_custom_1679197978250{background-position: center !important;background-repeat: no-repeat !important;background-size: contain !important;border-radius: 35px !important;}&#8221;][vc_column_text][\/vc_column_text][vc_custom_heading text=&#8221;Nuestras Marcas&#8221; font_container=&#8221;tag:h1|font_size:30|text_align:center|color:%23ee7633|line_height:1&#8243; use_theme_fonts=&#8221;yes&#8221; css_animation=&#8221;bounceInRight&#8221; el_class=&#8221;mvb0&#8243; css=&#8221;.vc_custom_1679622339788{background-position: center !important;background-repeat: no-repeat !important;background-size: cover !important;}&#8221;][vc_column_text][\/vc_column_text][mungu_swiper slide_per_view=&#8221;5&#8243; arrows=&#8221;&#8221; bullets=&#8221;1&#8243; list=&#8221;%5B%7B%22image%22%3A%221803%22%2C%22link%22%3A%22%23%22%7D%2C%7B%22image%22%3A%221804%22%2C%22link%22%3A%22%23%22%7D%2C%7B%22image%22%3A%221805%22%2C%22link%22%3A%22%23%22%7D%2C%7B%22image%22%3A%221806%22%2C%22link%22%3A%22%23%22%7D%2C%7B%22image%22%3A%221807%22%2C%22link%22%3A%22%23%22%7D%2C%7B%22image%22%3A%221808%22%2C%22link%22%3A%22%23%22%7D%2C%7B%22image%22%3A%221809%22%2C%22link%22%3A%22%23%22%7D%2C%7B%22image%22%3A%221810%22%2C%22link%22%3A%22%23%22%7D%5D&#8221;][\/vc_column][\/vc_row][vc_row full_width=&#8221;stretch_row&#8221; css=&#8221;.vc_custom_1679535529186{padding-top: 0px !important;padding-bottom: 90px !important;}&#8221;][vc_column css_animation=&#8221;bounceInLeft&#8221; vc_column_flex_auto=&#8221;uk-width-auto@m&#8221;][vc_custom_heading text=&#8221;Nuestros modelos&#8221; font_container=&#8221;tag:h2|font_size:30|text_align:center|color:%23ee7633|line_height:1&#8243; use_theme_fonts=&#8221;yes&#8221; &#8230;<\/p>\n","protected":false},"author":1,"featured_media":0,"parent":0,"menu_order":0,"comment_status":"closed","ping_status":"closed","template":"","meta":[],"_links":{"self":[{"href":"http:\/\/cofarmed.com\/index.php?rest_route=\/wp\/v2\/pages\/30"}],"collection":[{"href":"http:\/\/cofarmed.com\/index.php?rest_route=\/wp\/v2\/pages"}],"about":[{"href":"http:\/\/cofarmed.com\/index.php?rest_route=\/wp\/v2\/types\/page"}],"author":[{"embeddable":true,"href":"http:\/\/cofarmed.com\/index.php?rest_route=\/wp\/v2\/users\/1"}],"replies":[{"embeddable":true,"href":"http:\/\/cofarmed.com\/index.php?rest_route=%2Fwp%2Fv2%2Fcomments&post=30"}],"version-history":[{"count":143,"href":"http:\/\/cofarmed.com\/index.php?rest_route=\/wp\/v2\/pages\/30\/revisions"}],"predecessor-version":[{"id":1714,"href":"http:\/\/cofarmed.com\/index.php?rest_route=\/wp\/v2\/pages\/30\/revisions\/1714"}],"wp:attachment":[{"href":"http:\/\/cofarmed.com\/index.php?rest_route=%2Fwp%2Fv2%2Fmedia&parent=30"}],"curies":[{"name":"wp","href":"https:\/\/api.w.org\/{rel}","templated":true}]}}